t s be (2 - 2)/1 + 44. Suppose -112 + 526 = 6*f. Suppose 4*x - 3*o = 2*o + f, -21 = -x + 2*o. What is the greatest common divisor of s and x?
11
Suppose 58*i + 327 = 59*i. Let x = 492 - i. What is the greatest common factor of x and 44?
11
Suppose 5*q - 26713 = 457. Calculate the highest common factor of q and 143.
143
Suppose -13*b + 143 = -52. Suppose 0 = -3*o - b, 15*o - 17*o - 55 = -3*i. Calculate the highest common divisor of 25 and i.
5
Suppose 14*g - 256 = -2*g. Suppose -73*a = g*a - 6230. Suppose 2*h = k + 57 - 1, -5*k = h - 28. What is the highest common factor of a and h?
14
Suppose 5*j - 2649 = 4*i, 0 = 307*j - 305*j - i - 1056. Calculate the highest common divisor of j and 165.
15
Let p(t) = -t**3 - 17*t**2 - 20*t - 4. Let x be (-113)/7 + (-28)/(-196). Let k be p(x). Calculate the greatest common divisor of 20 and k.
20
Suppose -l - 2 = -5. Suppose 3*j - 150 = b, 5*b + 62 = l*j - 88. Let f = 74 - j. What is the greatest common divisor of f and 60?
12
Suppose -7*o = 5*o. Suppose 12*m - 266 + 50 = o. Let s(l) = l**3 + 8*l**2 - 4. Let i be s(-7). Calculate the highest common divisor of i and m.
9
Let k be (286/(-39))/((-2)/18). Suppose 0 = 36*x - 10*x - 936. Let v = k - x. What is the highest common divisor of 45 and v?
15
Suppose 2*c + 261 = c + 2*c. Calculate the greatest common divisor of 144 and c.
9
Let s(i) = -i**2 + i + 15. Suppose 67*p - 68*p = 3. Let r be s(p). What is the greatest common divisor of 3 and r?
3
Let o be 4963*(-2 - 3 - 37/(-7)). Suppose 0 = -2*j + 4*h - h + o, h = -2*j + 1426. Calculate the greatest common factor of j and 89.
89
Suppose -4*l = -9*l - 15. Let b(w) = -4*w**2 + 7*w - 3. Let j be b(l). Let u = 64 + j. Calculate the highest common divisor of 8 and u.
4
Let b(o) = o**2 - 10*o - 16. Let y be b(12). Let r be (-2 + 20/y)*2. Calculate the greatest common divisor of r and 1.
1
Let o(c) = c + 5. Let r be o(-2). Let l(h) = -59*h + 2. Let t be l(-2). Suppose 0 = -7*x + r*x + t. Calculate the greatest common divisor of 20 and x.
10
Let q = 81 + -137. Let w = -52 - q. Suppose -6*s + 270 = -2*s + 2*r, w*s = r + 255. What is the highest common divisor of 5 and s?
5
Let b be (324/30 - 6)*5. Calculate the highest common factor of b and 4200.
24
Let r(n) = 143*n**2 + 150*n + 151. Let q be r(-1). What is the highest common divisor of q and 6984?
72
Suppose -5*w = -5*x - 150, 5*w + 9*x - 4*x = 150. Let l be 7*(75/w)/((-1)/(-22)). Suppose 11*s = -0*s + l. Calculate the greatest common divisor of s and 385.
35
Suppose -216*d = 139*d - 2472930. What is the highest common factor of 516 and d?
258
Let b(r) = -8*r - 53. Let z be b(-10). Suppose -z*w + 4845 = 30*w. Let h = -24 + 41. Calculate the highest common factor of h and w.
17
Suppose -4*j + 566 = 3*t - t, 4*j = 4*t + 548. Suppose 0 = 15*c - 5659 + 4084. Calculate the greatest common divisor of c and j.
35
Let p be (237/1106)/((-2)/(-28)) - (-1 + -1). What is the greatest common factor of 185 and p?
5
Let j = -25084 + 25372. What is the highest common factor of j and 153?
9
Let r = 876 + -249. Let z be r/2*(-8)/(-12). What is the highest common factor of 22 and z?
11
Let p = 3920 - 3785. What is the highest common divisor of p and 7965?
135
Suppose 2*g - 129*y + 130*y - 1579 = 0, y = 5*g - 3958. Calculate the highest common divisor of g and 4633.
113
Suppose 55*a + 27*a - 21780 = 16*a. What is the greatest common factor of 3135 and a?
165
Let t(l) = l**2 - 20*l - 560. Let c be t(-16). Suppose y = -s + 108, -4*s - 17 + 1 = 0. Calculate the greatest common divisor of y and c.
16
Suppose -3*a + 62 = -2*z, 2*z = -2*a + 5*z + 48. What is the greatest common factor of 7830 and a?
18
Suppose 11*o - 4*o - 14 = 0. Suppose o*p + 0*p - i = -4, 3*p - i = -4. Suppose p = 8*u - 357 + 69. Calculate the greatest common factor of 144 and u.
36
Suppose 16 = 7*j - 3*j. Let z(o) = o - 1. Let b(l) = -27*l + 5. Let u(k) = b(k) + 4*z(k). Let n be u(-1). What is the greatest common divisor of j and n?
4
Let c(q) = -q + 37. Let t be c(31). Suppose 16*b - 520 = t*b. Let i = 8 + -4. What is the greatest common divisor of b and i?
4
Let o = -362 - -523. Suppose h - 2*w = -w + 34, 5*h - o = -4*w. Calculate the greatest common factor of 110 and h.
11
Let r be 3/(10 + (-107345)/10735). What is the highest common factor of r and 57?
57
Let a(h) = -77*h - 5. Suppose -8 = 22*n + 14. Let q be a(n). What is the highest common factor of q and 8?
8
Suppose 2*a - 412 = -5*q, -54*q + 58*q - 356 = 5*a. What is the greatest common factor of q and 5516?
28
Let o = 345 + -297. Suppose -16*u = -8*u - 384. What is the greatest common divisor of o and u?
48
Let k = 277 + -182. Let r = k - 96. Let s be (r - (-1)/(-1))*(0 - 48). Calculate the highest common divisor of s and 32.
32
Suppose 652*x - 1971*x + 697*x - 1122 = -656*x. Let v be (-31)/2*-1*66. Calculate the greatest common factor of x and v.
33
Let s(v) = -v**2 + 2*v + 121. Let f be s(-10). Let k be (136/f)/((-21)/6 + 4). What is the highest common divisor of k and 34?
34
Suppose 3*x - t - t = 268, 5*x = -2*t + 468. Let q(f) = f**3 - 26*f**2 - 471*f + 800. Let y be q(38). What is the greatest common divisor of x and y?
46
Suppose 2017 = -170*u + 6097. Calculate the greatest common factor of 256 and u.
8
Let f be -1 + -3*(-5)/((-30)/(-2)). Suppose 24 = 4*k + 3*y + 10, -3*k - 3*y + 12 = f. Calculate the highest common factor of k and 22.
2
Let g be ((60/(-14))/((-10)/35))/(96/1856). What is the greatest common factor of 1860 and g?
10
Suppose 3*x - 3039 = 3*f + 750, x - 1275 = -f. Calculate the highest common divisor of x and 54.
27
Let z = -15773 + 18035. Calculate the highest common divisor of 91 and z.
13
Suppose 0 = 9*o - 25*o + 448. Let l = 24 + o. Calculate the highest common factor of 26 and l.
26
Let k(u) = u**2 - 47*u - 367. Let o be k(-10). Calculate the greatest common factor of o and 20706.
203
Suppose 6*j - 11341 = -g - 11215, -5*j + 155 = 5*g. Let y = 563 + -221. What is the greatest common factor of j and y?
19
Let m(x) = 3*x - 15. Let r be m(8). Let g be 36/27 + 6*4/r. Suppose 5*i + 25 = 0, -3 - 4 = -2*l - i. Calculate the highest common factor of g and l.
2
Let k = 37 + -47. Let p be (450/125)/((-3)/k). Calculate the greatest common factor of p and 32.
4
Let m be (-2)/4*1*0/9. Suppose m*k + 5*t = 5*k - 100, -4*t - 36 = -2*k. Calculate the highest common divisor of k and 2.
2
Let y be (11 + -10)*9/(3 + 0). Suppose 5*w = y*h - 37, 9*h - 7*h + 2*w = -2. Calculate the greatest common factor of h and 10.
2
Suppose -111*u - 441 + 3892 = -4541. Calculate the greatest common factor of u and 1224.
72
Let l(p) = -p. Let h(m) = -4*m + 53. Let d(a) = h(a) - 5*l(a). Let f be d(-13). Suppose 0 = -4*j + 29 + 11. What is the greatest common factor of f and j?
10
Let l = -2 - -8. Let q(d) = 31*d + 124. Let t be q(-4). Suppose 0 = -24*m + 26*m + 5*p - 43, -p - 1 = t. Calculate the greatest common factor of l and m.
6
Let y(f) = -f**2 + 85*f - 650. Let d be y(57). Calculate the highest common divisor of 22 and d.
22
Suppose m + 145 = 3*w, 0 = -7*w + 6*w - 5*m + 59. Calculate the highest common factor of 98 and w.
49
Let z be (-160)/(12/22*(-6)/18). Calculate the greatest common divisor of z and 3300.
220
Let m(a) = -7*a**2 + 15*a - 1. Let v(t) = 6*t**2 - 14*t + 2. Let x(r) = -5*m(r) - 6*v(r). Let w be x(6). What is the highest common divisor of w and 319?
11
Suppose -491*q = -715*q + 151200. What is the highest common factor of q and 700?
25
Let r(x) = x**2 + 4*x + 75. Let m be r(-23). Suppose -693 = -521*g + m*g. Calculate the highest common divisor of 616 and g.
77
Let i = 1933 + -1927. What is the greatest common factor of 516 and i?
6
Let n be (((-1512)/(-70))/6)/(6/165). What is the highest common factor of n and 567?
9
Let w be 0 - ((-5762)/(-10) - 1)/(23/(-115)). Calculate the greatest common divisor of w and 4.
4
Let x(f) be the first derivative of 25*f**2/2 - 316*f + 245. Let o be x(16). Calculate the highest common divisor of o and 378.
42
Suppose 31*z - 5564 = -11*z - 62. Calculate the greatest common factor of z and 2.
1
Let l be (4/3)/((-29)/(-87)). Let x be 2 + 489/3 + l. Let f(t) = t + 29. Let c be f(-16). Calculate the greatest common divisor of c and x.
13
Let y(r) = 2*r. Let l be y(12). Let x be -2 + (1/4 - (-42)/l). Suppose v = -5*p - x*p